From: osstest service owner <osstest-admin@xenproject.org>
To: xen-devel@lists.xenproject.org
Subject: [linux-linus test] 185930: tolerable FAIL - PUSHED
Date: Tue, 07 May 2024 10:15:41 +0000 [thread overview]
Message-ID: <osstest-185930-mainreport@xen.org> (raw)
flight 185930 linux-linus real [real]
flight 185938 linux-linus real-retest [real]
http://logs.test-lab.xenproject.org/osstest/logs/185930/
http://logs.test-lab.xenproject.org/osstest/logs/185938/
Failures :-/ but no regressions.
Tests which are failing intermittently (not blocking):
test-armhf-armhf-xl-raw 8 xen-boot fail pass in 185938-retest
Tests which did not succeed, but are not blocking:
test-armhf-armhf-xl-raw 14 migrate-support-check fail in 185938 never pass
test-armhf-armhf-xl-raw 15 saverestore-support-check fail in 185938 never pass
test-amd64-amd64-xl-qemut-win7-amd64 19 guest-stop fail like 185928
test-amd64-amd64-xl-qemuu-win7-amd64 19 guest-stop fail like 185928
test-amd64-amd64-xl-qemuu-ws16-amd64 19 guest-stop fail like 185928
test-armhf-armhf-xl-credit2 8 xen-boot fail like 185928
test-armhf-armhf-libvirt 16 saverestore-support-check fail like 185928
test-amd64-amd64-xl-qemut-ws16-amd64 19 guest-stop fail like 185928
test-amd64-amd64-qemuu-nested-amd 20 debian-hvm-install/l1/l2 fail like 185928
test-amd64-amd64-libvirt 15 migrate-support-check fail never pass
test-amd64-amd64-libvirt-xsm 15 migrate-support-check fail never pass
test-amd64-amd64-libvirt-qemuu-debianhvm-amd64-xsm 13 migrate-support-check fail never pass
test-arm64-arm64-xl-credit1 15 migrate-support-check fail never pass
test-arm64-arm64-xl-xsm 15 migrate-support-check fail never pass
test-arm64-arm64-xl-credit1 16 saverestore-support-check fail never pass
test-arm64-arm64-xl-xsm 16 saverestore-support-check fail never pass
test-arm64-arm64-xl-thunderx 15 migrate-support-check fail never pass
test-arm64-arm64-xl-thunderx 16 saverestore-support-check fail never pass
test-arm64-arm64-libvirt-xsm 15 migrate-support-check fail never pass
test-arm64-arm64-libvirt-xsm 16 saverestore-support-check fail never pass
test-arm64-arm64-xl-credit2 15 migrate-support-check fail never pass
test-arm64-arm64-xl-credit2 16 saverestore-support-check fail never pass
test-arm64-arm64-xl 15 migrate-support-check fail never pass
test-arm64-arm64-xl 16 saverestore-support-check fail never pass
test-armhf-armhf-xl 15 migrate-support-check fail never pass
test-armhf-armhf-xl 16 saverestore-support-check fail never pass
test-amd64-amd64-libvirt-qcow2 14 migrate-support-check fail never pass
test-amd64-amd64-libvirt-raw 14 migrate-support-check fail never pass
test-armhf-armhf-xl-arndale 15 migrate-support-check fail never pass
test-armhf-armhf-xl-arndale 16 saverestore-support-check fail never pass
test-armhf-armhf-xl-credit1 15 migrate-support-check fail never pass
test-armhf-armhf-xl-credit1 16 saverestore-support-check fail never pass
test-amd64-amd64-libvirt-vhd 14 migrate-support-check fail never pass
test-arm64-arm64-libvirt-raw 14 migrate-support-check fail never pass
test-arm64-arm64-libvirt-raw 15 saverestore-support-check fail never pass
test-arm64-arm64-xl-vhd 14 migrate-support-check fail never pass
test-arm64-arm64-xl-vhd 15 saverestore-support-check fail never pass
test-armhf-armhf-xl-rtds 15 migrate-support-check fail never pass
test-armhf-armhf-xl-rtds 16 saverestore-support-check fail never pass
test-armhf-armhf-libvirt 15 migrate-support-check fail never pass
test-armhf-armhf-xl-multivcpu 15 migrate-support-check fail never pass
test-armhf-armhf-xl-multivcpu 16 saverestore-support-check fail never pass
test-armhf-armhf-libvirt-vhd 14 migrate-support-check fail never pass
test-armhf-armhf-libvirt-vhd 15 saverestore-support-check fail never pass
test-armhf-armhf-xl-qcow2 14 migrate-support-check fail never pass
test-armhf-armhf-xl-qcow2 15 saverestore-support-check fail never pass
version targeted for testing:
linux dccb07f2914cdab2ac3a5b6c98406f765acab803
baseline version:
linux dd5a440a31fae6e459c0d6271dddd62825505361
Last test of basis 185928 2024-05-06 15:43:38 Z 0 days
Testing same since 185930 2024-05-06 23:44:00 Z 0 days 1 attempts
------------------------------------------------------------
People who touched revisions under test:
Andy Shevchenko <andriy.shevchenko@linux.intel.com>
Chengming Zhou <chengming.zhou@linux.dev>
Dan Carpenter <dan.carpenter@linaro.org>
David Rientjes <rientjes@google.com>
David Sterba <dsterba@suse.com>
Geert Uytterhoeven <geert@linux-m68k.org>
Josef Bacik <josef@toxicpanda.com>
Linus Torvalds <torvalds@linux-foundation.org>
Maxime Ripard <mripard@kernel.org>
Nicolas Bouchinet <nicolas.bouchinet@ssi.gouv.fr>
Qu Wenruo <wqu@suse.com>
Uwe Kleine-König <u.kleine-koenig@pengutronix.de>
Vlastimil Babka <vbabka@suse.cz>
jobs:
build-amd64-xsm pass
build-arm64-xsm pass
build-i386-xsm pass
build-amd64 pass
build-arm64 pass
build-armhf pass
build-i386 pass
build-amd64-libvirt pass
build-arm64-libvirt pass
build-armhf-libvirt pass
build-i386-libvirt pass
build-amd64-pvops pass
build-arm64-pvops pass
build-armhf-pvops pass
build-i386-pvops pass
test-amd64-amd64-xl pass
test-amd64-coresched-amd64-xl pass
test-arm64-arm64-xl pass
test-armhf-armhf-xl pass
test-amd64-amd64-libvirt-qemuu-debianhvm-amd64-xsm pass
test-amd64-amd64-xl-qemut-stubdom-debianhvm-amd64-xsm pass
test-amd64-amd64-xl-qemut-debianhvm-i386-xsm pass
test-amd64-amd64-xl-qemuu-debianhvm-i386-xsm pass
test-amd64-amd64-libvirt-xsm pass
test-arm64-arm64-libvirt-xsm pass
test-amd64-amd64-xl-xsm pass
test-arm64-arm64-xl-xsm pass
test-amd64-amd64-qemuu-nested-amd fail
test-amd64-amd64-xl-pvhv2-amd pass
test-amd64-amd64-dom0pvh-xl-amd pass
test-amd64-amd64-xl-qemut-debianhvm-amd64 pass
test-amd64-amd64-xl-qemuu-debianhvm-amd64 pass
test-amd64-amd64-qemuu-freebsd11-amd64 pass
test-amd64-amd64-qemuu-freebsd12-amd64 pass
test-amd64-amd64-xl-qemuu-ovmf-amd64 pass
test-amd64-amd64-xl-qemut-win7-amd64 fail
test-amd64-amd64-xl-qemuu-win7-amd64 fail
test-amd64-amd64-xl-qemut-ws16-amd64 fail
test-amd64-amd64-xl-qemuu-ws16-amd64 fail
test-armhf-armhf-xl-arndale pass
test-amd64-amd64-examine-bios pass
test-amd64-amd64-xl-credit1 pass
test-arm64-arm64-xl-credit1 pass
test-armhf-armhf-xl-credit1 pass
test-amd64-amd64-xl-credit2 pass
test-arm64-arm64-xl-credit2 pass
test-armhf-armhf-xl-credit2 fail
test-amd64-amd64-xl-qemuu-dmrestrict-amd64-dmrestrict pass
test-amd64-amd64-examine pass
test-arm64-arm64-examine pass
test-armhf-armhf-examine pass
test-amd64-amd64-qemuu-nested-intel pass
test-amd64-amd64-xl-pvhv2-intel pass
test-amd64-amd64-dom0pvh-xl-intel pass
test-amd64-amd64-libvirt pass
test-armhf-armhf-libvirt pass
test-amd64-amd64-xl-multivcpu pass
test-armhf-armhf-xl-multivcpu pass
test-amd64-amd64-pair pass
test-amd64-amd64-libvirt-pair pass
test-amd64-amd64-xl-pvshim pass
test-amd64-amd64-pygrub pass
test-amd64-amd64-libvirt-qcow2 pass
test-amd64-amd64-xl-qcow2 pass
test-armhf-armhf-xl-qcow2 pass
test-amd64-amd64-libvirt-raw pass
test-arm64-arm64-libvirt-raw pass
test-amd64-amd64-xl-raw pass
test-armhf-armhf-xl-raw fail
test-amd64-amd64-xl-rtds pass
test-armhf-armhf-xl-rtds pass
test-amd64-amd64-xl-qemuu-debianhvm-amd64-shadow pass
test-amd64-amd64-xl-shadow pass
test-arm64-arm64-xl-thunderx pass
test-amd64-amd64-examine-uefi pass
test-amd64-amd64-libvirt-vhd pass
test-armhf-armhf-libvirt-vhd pass
test-amd64-amd64-xl-vhd pass
test-arm64-arm64-xl-vhd pass
------------------------------------------------------------
sg-report-flight on osstest.test-lab.xenproject.org
logs: /home/logs/logs
images: /home/logs/images
Logs, config files, etc. are available at
http://logs.test-lab.xenproject.org/osstest/logs
Explanation of these reports, and of osstest in general, is at
http://xenbits.xen.org/gitweb/?p=osstest.git;a=blob;f=README.email;hb=master
http://xenbits.xen.org/gitweb/?p=osstest.git;a=blob;f=README;hb=master
Test harness code can be found at
http://xenbits.xen.org/gitweb?p=osstest.git;a=summary
Pushing revision :
hint: The 'hooks/update' hook was ignored because it's not set as executable.
hint: You can disable this warning with `git config advice.ignoredHook false`.
hint: The 'hooks/post-receive' hook was ignored because it's not set as executable.
hint: You can disable this warning with `git config advice.ignoredHook false`.
hint: The 'hooks/post-update' hook was ignored because it's not set as executable.
hint: You can disable this warning with `git config advice.ignoredHook false`.
To xenbits.xen.org:/home/xen/git/linux-pvops.git
dd5a440a31fae..dccb07f2914cd dccb07f2914cdab2ac3a5b6c98406f765acab803 -> tested/linux-linus
reply other threads:[~2024-05-07 10:16 UTC|newest]
Thread overview: [no followups] expand[flat|nested] mbox.gz Atom feed
Reply instructions:
You may reply publicly to this message via plain-text email
using any one of the following methods:
* Save the following mbox file, import it into your mail client,
and reply-to-all from there: mbox
Avoid top-posting and favor interleaved quoting:
https://en.wikipedia.org/wiki/Posting_style#Interleaved_style
* Reply using the --to, --cc, and --in-reply-to
switches of git-send-email(1):
git send-email \
--in-reply-to=osstest-185930-mainreport@xen.org \
--to=osstest-admin@xenproject.org \
--cc=xen-devel@lists.xenproject.org \
/path/to/YOUR_REPLY
https://kernel.org/pub/software/scm/git/docs/git-send-email.html
* If your mail client supports setting the In-Reply-To header
via mailto: links, try the mailto: link
Be sure your reply has a Subject: header at the top and a blank line
before the message body.
This is a public inbox, see mirroring instructions
for how to clone and mirror all data and code used for this inbox;
as well as URLs for read-only IMAP folder(s) and NNTP newsgroup(s).